{"id":6,"date":"2019-07-10T10:03:38","date_gmt":"2019-07-10T10:03:38","guid":{"rendered":"https:\/\/demo.sukiwp.com\/cg-accounting-elementor\/?page_id=6"},"modified":"2020-02-14T19:53:27","modified_gmt":"2020-02-14T19:53:27","slug":"histoire","status":"publish","type":"page","link":"https:\/\/shareyourskill.fr\/?page_id=6","title":{"rendered":"Histoire"},"content":{"rendered":"\t\t<div data-elementor-type=\"wp-post\" data-elementor-id=\"6\" class=\"elementor elementor-6\">\n\t\t\t\t\t\t\t\t\t<section class=\"elementor-section elementor-top-section elementor-element elementor-element-8223fe6 elementor-reverse-tablet elementor-reverse-mobile elementor-section-boxed elementor-section-height-default elementor-section-height-default\" data-id=\"8223fe6\" data-element_type=\"section\">\n\t\t\t\t\t\t<div class=\"elementor-container elementor-column-gap-no\">\n\t\t\t\t\t<div class=\"elementor-column elementor-col-50 elementor-top-column elementor-element elementor-element-5ecc9a7\" data-id=\"5ecc9a7\" data-element_type=\"column\">\n\t\t\t<div class=\"elementor-widget-wrap elementor-element-populated\">\n\t\t\t\t\t\t\t\t<div class=\"elementor-element elementor-element-2e6eb4f elementor-widget elementor-widget-heading\" data-id=\"2e6eb4f\" data-element_type=\"widget\" data-widget_type=\"heading.default\">\n\t\t\t\t<div class=\"elementor-widget-container\">\n\t\t\t<h2 class=\"elementor-heading-title elementor-size-default\">Mathieu Paquin<\/h2>\t\t<\/div>\n\t\t\t\t<\/div>\n\t\t\t\t<div class=\"elementor-element elementor-element-bbe84d4 elementor-widget elementor-widget-text-editor\" data-id=\"bbe84d4\" data-element_type=\"widget\" data-widget_type=\"text-editor.default\">\n\t\t\t\t<div class=\"elementor-widget-container\">\n\t\t\t\t\t\t\t<h4><strong>Formation<\/strong><\/h4><ul><li>Master en\u00a0<strong>cr\u00e9ation d\u2019entreprises innovantes et managements de projets innovants<\/strong>\u00a0<\/li><li>Licence en\u00a0<strong>commercial et marketing\u00a0<\/strong><\/li><li><strong>Licence Conception de produits \u00e9cologique (Energie \/ Environnement)<\/strong><\/li><\/ul><div><div><h4><strong>Exp\u00e9rience<\/strong><\/h4><\/div><div><ul><li>Responsable <strong>incubateur Saint-Dizier<\/strong> (Cr\u00e9ation de la structure et accompagnement \u00e0 \u00e9mergence de projets)<\/li><li><strong>BGE B\u00e9ziers<\/strong> (Accompagnement \u00e0 la cr\u00e9ation d&rsquo;entreprise, montage de dossier banque et financement)\u00a0<\/li><li><strong>Via Innova Lunel<\/strong> (Accompagnement \u00e0 la cr\u00e9ation d&rsquo;entreprise innovante et cr\u00e9ation d&rsquo;un guide d\u00e9di\u00e9 au financement des entreprises innovantes)<\/li><\/ul><\/div><\/div><div><h4><strong>\u00c9v\u00e9nementiel<\/strong><\/h4><\/div><div><ul><li>Participation et co-animation de divers \u00e9v\u00e9nements<b> (Start&rsquo;up est dans le pr\u00e9, Start&rsquo;up Coll\u00e8ge\/Lyc\u00e9e, Mon centre ville \u00e0 un incroyable commerce &#8230;)<\/b><\/li><\/ul><\/div>\t\t\t\t\t\t<\/div>\n\t\t\t\t<\/div>\n\t\t\t\t\t<\/div>\n\t\t<\/div>\n\t\t\t\t<div class=\"elementor-column elementor-col-50 elementor-top-column elementor-element elementor-element-ea3de86\" data-id=\"ea3de86\" data-element_type=\"column\">\n\t\t\t<div class=\"elementor-widget-wrap elementor-element-populated\">\n\t\t\t\t\t\t\t\t<div class=\"elementor-element elementor-element-fd7bc32 elementor-widget elementor-widget-image\" data-id=\"fd7bc32\" data-element_type=\"widget\" data-widget_type=\"image.default\">\n\t\t\t\t<div class=\"elementor-widget-container\">\n\t\t\t\t\t\t\t\t\t\t\t\t\t\t\t<img fetchpriority=\"high\" decoding=\"async\" width=\"592\" height=\"613\" src=\"https:\/\/shareyourskill.fr\/wp-content\/uploads\/2020\/02\/Image1.jpg\" class=\"attachment-full size-full wp-image-347\" alt=\"\" srcset=\"https:\/\/shareyourskill.fr\/wp-content\/uploads\/2020\/02\/Image1.jpg 592w, https:\/\/shareyourskill.fr\/wp-content\/uploads\/2020\/02\/Image1-290x300.jpg 290w\" sizes=\"(max-width: 592px) 100vw, 592px\" \/>\t\t\t\t\t\t\t\t\t\t\t\t\t\t\t<\/div>\n\t\t\t\t<\/div>\n\t\t\t\t\t<\/div>\n\t\t<\/div>\n\t\t\t\t\t\t\t<\/div>\n\t\t<\/section>\n\t\t\t\t<section class=\"elementor-section elementor-top-section elementor-element elementor-element-4caac1b elementor-section-boxed elementor-section-height-default elementor-section-height-default\" data-id=\"4caac1b\" data-element_type=\"section\">\n\t\t\t\t\t\t<div class=\"elementor-container elementor-column-gap-default\">\n\t\t\t\t\t<div class=\"elementor-column elementor-col-50 elementor-top-column elementor-element elementor-element-0a33142\" data-id=\"0a33142\" data-element_type=\"column\">\n\t\t\t<div class=\"elementor-widget-wrap elementor-element-populated\">\n\t\t\t\t\t\t\t\t<div class=\"elementor-element elementor-element-479c5a5 elementor-widget elementor-widget-text-editor\" data-id=\"479c5a5\" data-element_type=\"widget\" data-widget_type=\"text-editor.default\">\n\t\t\t\t<div class=\"elementor-widget-container\">\n\t\t\t\t\t\t\t<div><h4><strong>Cr\u00e9ation d&rsquo;entreprise personnel<\/strong><\/h4><\/div><div><ul><li><strong>D\u00e9coction<\/strong> (Vente de produits de nettoyage automobile)<\/li><li><strong>MatRenovAuto<\/strong> (R\u00e9paration de cuir auto et polissage auto)<\/li><li><strong>Les ateliers de la Saulx<\/strong> (Fabrication de mobilier type industriel)<\/li><li><strong>Brasserie Cl\u00e9mence<\/strong> (Brasseur ind\u00e9pendant)<\/li><li><strong>ShareYourSkill<\/strong> (Formateur freelance, conseil en cr\u00e9ation d&rsquo;entreprise, conseil en cr\u00e9ation de structure d&rsquo;accompagnement, cr\u00e9ation de site web)<\/li><\/ul><\/div>\t\t\t\t\t\t<\/div>\n\t\t\t\t<\/div>\n\t\t\t\t\t<\/div>\n\t\t<\/div>\n\t\t\t\t<div class=\"elementor-column elementor-col-50 elementor-top-column elementor-element elementor-element-f5c7756\" data-id=\"f5c7756\" data-element_type=\"column\">\n\t\t\t<div class=\"elementor-widget-wrap elementor-element-populated\">\n\t\t\t\t\t\t\t\t<div class=\"elementor-element elementor-element-e6be058 elementor-widget elementor-widget-text-editor\" data-id=\"e6be058\" data-element_type=\"widget\" data-widget_type=\"text-editor.default\">\n\t\t\t\t<div class=\"elementor-widget-container\">\n\t\t\t\t\t\t\t<div><h4><strong>Formateur freelance<\/strong><\/h4><\/div><div><ul><li>Cr\u00e9ation d&rsquo;entreprise<\/li><li>Recherche d&#8217;emploi<\/li><li>Gestion de la comptabilit\u00e9 au quotidien<\/li><li>Business plan<\/li><li>Etude de march\u00e9<\/li><li>Technique de communication \/ R\u00e9seaux sociaux &#8230;<\/li><\/ul><\/div>\t\t\t\t\t\t<\/div>\n\t\t\t\t<\/div>\n\t\t\t\t\t<\/div>\n\t\t<\/div>\n\t\t\t\t\t\t\t<\/div>\n\t\t<\/section>\n\t\t\t\t<section class=\"elementor-section elementor-top-section elementor-element elementor-element-750c371 elementor-section-boxed elementor-section-height-default elementor-section-height-default\" data-id=\"750c371\" data-element_type=\"section\">\n\t\t\t\t\t\t<div class=\"elementor-container elementor-column-gap-no\">\n\t\t\t\t\t<div class=\"elementor-column elementor-col-100 elementor-top-column elementor-element elementor-element-009d659\" data-id=\"009d659\" data-element_type=\"column\">\n\t\t\t<div class=\"elementor-widget-wrap elementor-element-populated\">\n\t\t\t\t\t\t\t\t<div class=\"elementor-element elementor-element-a7799c6 elementor-align-center elementor-widget elementor-widget-button\" data-id=\"a7799c6\" data-element_type=\"widget\" data-widget_type=\"button.default\">\n\t\t\t\t<div class=\"elementor-widget-container\">\n\t\t\t\t\t<div class=\"elementor-button-wrapper\">\n\t\t\t<a class=\"elementor-button elementor-button-link elementor-size-sm\" href=\"https:\/\/shareyourskill.fr\/wp-content\/uploads\/2020\/02\/CV_Mathieu-incubateur.pdf\">\n\t\t\t\t\t\t<span class=\"elementor-button-content-wrapper\">\n\t\t\t\t\t\t<span class=\"elementor-button-text\">T\u00e9l\u00e9charger le CV<\/span>\n\t\t<\/span>\n\t\t\t\t\t<\/a>\n\t\t<\/div>\n\t\t\t\t<\/div>\n\t\t\t\t<\/div>\n\t\t\t\t<div class=\"elementor-element elementor-element-33f94af elementor-widget-divider--view-line elementor-widget elementor-widget-divider\" data-id=\"33f94af\" data-element_type=\"widget\" data-widget_type=\"divider.default\">\n\t\t\t\t<div class=\"elementor-widget-container\">\n\t\t\t\t\t<div class=\"elementor-divider\">\n\t\t\t<span class=\"elementor-divider-separator\">\n\t\t\t\t\t\t<\/span>\n\t\t<\/div>\n\t\t\t\t<\/div>\n\t\t\t\t<\/div>\n\t\t\t\t<section class=\"elementor-section elementor-inner-section elementor-element elementor-element-500b7d8 elementor-section-boxed elementor-section-height-default elementor-section-height-default\" data-id=\"500b7d8\" data-element_type=\"section\">\n\t\t\t\t\t\t<div class=\"elementor-container elementor-column-gap-no\">\n\t\t\t\t\t<div class=\"elementor-column elementor-col-50 elementor-inner-column elementor-element elementor-element-213eaf9\" data-id=\"213eaf9\" data-element_type=\"column\">\n\t\t\t<div class=\"elementor-widget-wrap elementor-element-populated\">\n\t\t\t\t\t\t\t\t<div class=\"elementor-element elementor-element-639d042 elementor-widget elementor-widget-heading\" data-id=\"639d042\" data-element_type=\"widget\" data-widget_type=\"heading.default\">\n\t\t\t\t<div class=\"elementor-widget-container\">\n\t\t\t<h2 class=\"elementor-heading-title elementor-size-default\">Vision<\/h2>\t\t<\/div>\n\t\t\t\t<\/div>\n\t\t\t\t<div class=\"elementor-element elementor-element-41414c0 elementor-widget elementor-widget-text-editor\" data-id=\"41414c0\" data-element_type=\"widget\" data-widget_type=\"text-editor.default\">\n\t\t\t\t<div class=\"elementor-widget-container\">\n\t\t\t\t\t\t\t<p>Nous sommes convaincu que les entreprises de demain, avec l&rsquo;<strong>air du Num\u00e9rique<\/strong> ont tout int\u00e9r\u00eat \u00e0 cr\u00e9er en zone dite rural <strong>(Arriv\u00e9 de la<\/strong> <strong>fibre dans les communes<\/strong>, <strong>co\u00fbt d&rsquo;implantation tr\u00e8s comp\u00e9titifs, qualit\u00e9 de vie, avantages fiscaux sur l&rsquo;implantation en ZRR &#8230;)<\/strong>. Pour assurer la <strong>p\u00e9rennit\u00e9 des entreprises<\/strong> et cr\u00e9er de<strong> la valeur et de l&#8217;emploi<\/strong>, il est important de proposer un accompagnement sp\u00e9cifique de type <strong>(Tiers-lieu, h\u00f4tel d&rsquo;entreprise, p\u00e9pini\u00e8re d&rsquo;entreprise, incubateur, espace de co-working &#8230;)<\/strong> !<\/p>\t\t\t\t\t\t<\/div>\n\t\t\t\t<\/div>\n\t\t\t\t\t<\/div>\n\t\t<\/div>\n\t\t\t\t<div class=\"elementor-column elementor-col-50 elementor-inner-column elementor-element elementor-element-ff7a0fb\" data-id=\"ff7a0fb\" data-element_type=\"column\">\n\t\t\t<div class=\"elementor-widget-wrap elementor-element-populated\">\n\t\t\t\t\t\t\t\t<div class=\"elementor-element elementor-element-dd4c2ac elementor-widget elementor-widget-heading\" data-id=\"dd4c2ac\" data-element_type=\"widget\" data-widget_type=\"heading.default\">\n\t\t\t\t<div class=\"elementor-widget-container\">\n\t\t\t<h2 class=\"elementor-heading-title elementor-size-default\">VALEURS<\/h2>\t\t<\/div>\n\t\t\t\t<\/div>\n\t\t\t\t<div class=\"elementor-element elementor-element-c41885c elementor-widget elementor-widget-text-editor\" data-id=\"c41885c\" data-element_type=\"widget\" data-widget_type=\"text-editor.default\">\n\t\t\t\t<div class=\"elementor-widget-container\">\n\t\t\t\t\t\t\t<p>Issu d&rsquo;une famille Vosgienne et d\u00e9veloppant mes <strong>entreprises \u00e0 la campagne<\/strong>, il est primordial pour moi d&rsquo;aider le <strong>d\u00e9veloppement rural<\/strong>. L&rsquo;arriv\u00e9e de la fibre vers nos campagnes, donne la possibilit\u00e9 \u00e0 de<strong> futurs chefs d&rsquo;entreprises<\/strong> de s&rsquo;installer en dehors des grandes m\u00e9tropoles. La baisse des subventions de l&rsquo;\u00e9tat pousse les petites communaut\u00e9s de communes, communes&#8230; rurales \u00e0 <strong>se r\u00e9inventer<\/strong>. Attirer des entreprises permet le d\u00e9veloppement de celles-ci ainsi que l&rsquo;augmentation de son <strong>budget global<\/strong> !<\/p>\t\t\t\t\t\t<\/div>\n\t\t\t\t<\/div>\n\t\t\t\t\t<\/div>\n\t\t<\/div>\n\t\t\t\t\t\t\t<\/div>\n\t\t<\/section>\n\t\t\t\t<div class=\"elementor-element elementor-element-07b10ec elementor-widget-divider--view-line elementor-widget elementor-widget-divider\" data-id=\"07b10ec\" data-element_type=\"widget\" data-widget_type=\"divider.default\">\n\t\t\t\t<div class=\"elementor-widget-container\">\n\t\t\t\t\t<div class=\"elementor-divider\">\n\t\t\t<span class=\"elementor-divider-separator\">\n\t\t\t\t\t\t<\/span>\n\t\t<\/div>\n\t\t\t\t<\/div>\n\t\t\t\t<\/div>\n\t\t\t\t\t<\/div>\n\t\t<\/div>\n\t\t\t\t\t\t\t<\/div>\n\t\t<\/section>\n\t\t\t\t<section class=\"elementor-section elementor-top-section elementor-element elementor-element-d1eabba elementor-section-boxed elementor-section-height-default elementor-section-height-default\" data-id=\"d1eabba\" data-element_type=\"section\">\n\t\t\t\t\t\t<div class=\"elementor-container elementor-column-gap-no\">\n\t\t\t\t\t<div class=\"elementor-column elementor-col-100 elementor-top-column elementor-element elementor-element-87c6cef\" data-id=\"87c6cef\" data-element_type=\"column\">\n\t\t\t<div class=\"elementor-widget-wrap elementor-element-populated\">\n\t\t\t\t\t\t\t\t<div class=\"elementor-element elementor-element-96278b9 elementor-widget elementor-widget-heading\" data-id=\"96278b9\" data-element_type=\"widget\" data-widget_type=\"heading.default\">\n\t\t\t\t<div class=\"elementor-widget-container\">\n\t\t\t<h2 class=\"elementor-heading-title elementor-size-default\">Nos partenaires !<\/h2>\t\t<\/div>\n\t\t\t\t<\/div>\n\t\t\t\t<div class=\"elementor-element elementor-element-d5e0325 elementor-widget elementor-widget-text-editor\" data-id=\"d5e0325\" data-element_type=\"widget\" data-widget_type=\"text-editor.default\">\n\t\t\t\t<div class=\"elementor-widget-container\">\n\t\t\t\t\t\t\t<p><strong>Seul on va vite, mais ensemble on va loin<\/strong>,\u00a0<span style=\"letter-spacing: 0px;\">C&rsquo;est ainsi que ShareYourSkill s&rsquo;appuie aussi sur <strong>un r\u00e9seau d&rsquo;experts<\/strong> tant pour la formation, que pour le conseil et la cr\u00e9ation de site web.<\/span><\/p>\t\t\t\t\t\t<\/div>\n\t\t\t\t<\/div>\n\t\t\t\t<div class=\"elementor-element elementor-element-3b210e3 elementor-widget elementor-widget-spacer\" data-id=\"3b210e3\" data-element_type=\"widget\" data-widget_type=\"spacer.default\">\n\t\t\t\t<div class=\"elementor-widget-container\">\n\t\t\t\t\t<div class=\"elementor-spacer\">\n\t\t\t<div class=\"elementor-spacer-inner\"><\/div>\n\t\t<\/div>\n\t\t\t\t<\/div>\n\t\t\t\t<\/div>\n\t\t\t\t<div class=\"elementor-element elementor-element-f2df46c gallery-spacing-custom elementor-widget elementor-widget-image-gallery\" data-id=\"f2df46c\" data-element_type=\"widget\" data-widget_type=\"image-gallery.default\">\n\t\t\t\t<div class=\"elementor-widget-container\">\n\t\t\t\t\t<div class=\"elementor-image-gallery\">\n\t\t\t<div id='gallery-1' class='gallery galleryid-6 gallery-columns-5 gallery-size-thumbnail'><figure class='gallery-item'>\n\t\t\t<div class='gallery-icon landscape'>\n\t\t\t\t<img decoding=\"async\" width=\"150\" height=\"150\" src=\"https:\/\/shareyourskill.fr\/wp-content\/uploads\/2020\/02\/0-150x150.jpg\" class=\"attachment-thumbnail size-thumbnail\" alt=\"\" srcset=\"https:\/\/shareyourskill.fr\/wp-content\/uploads\/2020\/02\/0-150x150.jpg 150w, https:\/\/shareyourskill.fr\/wp-content\/uploads\/2020\/02\/0-300x300.jpg 300w, https:\/\/shareyourskill.fr\/wp-content\/uploads\/2020\/02\/0.jpg 432w\" sizes=\"(max-width: 150px) 100vw, 150px\" \/>\n\t\t\t<\/div><\/figure><figure class='gallery-item'>\n\t\t\t<div class='gallery-icon landscape'>\n\t\t\t\t<img decoding=\"async\" width=\"150\" height=\"150\" src=\"https:\/\/shareyourskill.fr\/wp-content\/uploads\/2020\/02\/84715994_661372071270105_8565373533755015168_n-e1582544302935-150x150.jpg\" class=\"attachment-thumbnail size-thumbnail\" alt=\"\" srcset=\"https:\/\/shareyourskill.fr\/wp-content\/uploads\/2020\/02\/84715994_661372071270105_8565373533755015168_n-e1582544302935-150x150.jpg 150w, https:\/\/shareyourskill.fr\/wp-content\/uploads\/2020\/02\/84715994_661372071270105_8565373533755015168_n-e1582544302935-300x300.jpg 300w, https:\/\/shareyourskill.fr\/wp-content\/uploads\/2020\/02\/84715994_661372071270105_8565373533755015168_n-e1582544302935.jpg 432w\" sizes=\"(max-width: 150px) 100vw, 150px\" \/>\n\t\t\t<\/div><\/figure><figure class='gallery-item'>\n\t\t\t<div class='gallery-icon landscape'>\n\t\t\t\t<img loading=\"lazy\" decoding=\"async\" width=\"150\" height=\"150\" src=\"https:\/\/shareyourskill.fr\/wp-content\/uploads\/2020\/02\/81562588_612117136209970_1468770676545421312_o-e1582544312937-150x150.jpg\" class=\"attachment-thumbnail size-thumbnail\" alt=\"\" srcset=\"https:\/\/shareyourskill.fr\/wp-content\/uploads\/2020\/02\/81562588_612117136209970_1468770676545421312_o-e1582544312937-150x150.jpg 150w, https:\/\/shareyourskill.fr\/wp-content\/uploads\/2020\/02\/81562588_612117136209970_1468770676545421312_o-e1582544312937-300x300.jpg 300w, https:\/\/shareyourskill.fr\/wp-content\/uploads\/2020\/02\/81562588_612117136209970_1468770676545421312_o-e1582544312937.jpg 432w\" sizes=\"(max-width: 150px) 100vw, 150px\" \/>\n\t\t\t<\/div><\/figure><figure class='gallery-item'>\n\t\t\t<div class='gallery-icon portrait'>\n\t\t\t\t<img loading=\"lazy\" decoding=\"async\" width=\"150\" height=\"150\" src=\"https:\/\/shareyourskill.fr\/wp-content\/uploads\/2020\/02\/83458526_2399555530299753_1276136600136318976_n-e1582544291475-150x150.jpg\" class=\"attachment-thumbnail size-thumbnail\" alt=\"\" \/>\n\t\t\t<\/div><\/figure><figure class='gallery-item'>\n\t\t\t<div class='gallery-icon portrait'>\n\t\t\t\t<img loading=\"lazy\" decoding=\"async\" width=\"150\" height=\"150\" src=\"https:\/\/shareyourskill.fr\/wp-content\/uploads\/2020\/02\/81722932_10221072813631187_1352678449268916224_o-e1582544279517-150x150.jpg\" class=\"attachment-thumbnail size-thumbnail\" alt=\"\" srcset=\"https:\/\/shareyourskill.fr\/wp-content\/uploads\/2020\/02\/81722932_10221072813631187_1352678449268916224_o-e1582544279517-150x150.jpg 150w, https:\/\/shareyourskill.fr\/wp-content\/uploads\/2020\/02\/81722932_10221072813631187_1352678449268916224_o-e1582544279517-300x300.jpg 300w, https:\/\/shareyourskill.fr\/wp-content\/uploads\/2020\/02\/81722932_10221072813631187_1352678449268916224_o-e1582544279517.jpg 432w\" sizes=\"(max-width: 150px) 100vw, 150px\" \/>\n\t\t\t<\/div><\/figure>\n\t\t<\/div>\n\t\t<\/div>\n\t\t\t\t<\/div>\n\t\t\t\t<\/div>\n\t\t\t\t\t<\/div>\n\t\t<\/div>\n\t\t\t\t\t\t\t<\/div>\n\t\t<\/section>\n\t\t\t\t<section class=\"elementor-section elementor-top-section elementor-element elementor-element-6b70269 elementor-section-boxed elementor-section-height-default elementor-section-height-default\" data-id=\"6b70269\" data-element_type=\"section\" data-settings=\"{&quot;background_background&quot;:&quot;classic&quot;}\">\n\t\t\t\t\t\t<div class=\"elementor-container elementor-column-gap-no\">\n\t\t\t\t\t<div class=\"elementor-column elementor-col-100 elementor-top-column elementor-element elementor-element-e26b0a1\" data-id=\"e26b0a1\" data-element_type=\"column\">\n\t\t\t<div class=\"elementor-widget-wrap elementor-element-populated\">\n\t\t\t\t\t\t\t\t<div class=\"elementor-element elementor-element-2731375 elementor-widget elementor-widget-heading\" data-id=\"2731375\" data-element_type=\"widget\" data-widget_type=\"heading.default\">\n\t\t\t\t<div class=\"elementor-widget-container\">\n\t\t\t<h3 class=\"elementor-heading-title elementor-size-default\">pour de plus amples informations contactez-nous : 06.62.93.50.95<\/h3>\t\t<\/div>\n\t\t\t\t<\/div>\n\t\t\t\t\t<\/div>\n\t\t<\/div>\n\t\t\t\t\t\t\t<\/div>\n\t\t<\/section>\n\t\t\t\t\t\t\t<\/div>\n\t\t","protected":false},"excerpt":{"rendered":"<p>Mathieu Paquin Formation Master en\u00a0cr\u00e9ation d\u2019entreprises innovantes et managements de projets innovants\u00a0 Licence en\u00a0commercial et marketing\u00a0 Licence Conception de produits \u00e9cologique (Energie \/ Environnement) Exp\u00e9rience Responsable incubateur Saint-Dizier (Cr\u00e9ation de la structure et accompagnement \u00e0 \u00e9mergence de projets) BGE B\u00e9ziers (Accompagnement \u00e0 la cr\u00e9ation d&rsquo;entreprise, montage de dossier banque et financement)\u00a0 Via Innova Lunel (Accompagnement &hellip;<\/p>\n","protected":false},"author":1,"featured_media":55,"parent":0,"menu_order":0,"comment_status":"closed","ping_status":"closed","template":"page-templates\/page-builder.php","meta":{"footnotes":""},"class_list":["post-6","page","type-page","status-publish","has-post-thumbnail","hentry"],"_links":{"self":[{"href":"https:\/\/shareyourskill.fr\/index.php?rest_route=\/wp\/v2\/pages\/6"}],"collection":[{"href":"https:\/\/shareyourskill.fr\/index.php?rest_route=\/wp\/v2\/pages"}],"about":[{"href":"https:\/\/shareyourskill.fr\/index.php?rest_route=\/wp\/v2\/types\/page"}],"author":[{"embeddable":true,"href":"https:\/\/shareyourskill.fr\/index.php?rest_route=\/wp\/v2\/users\/1"}],"replies":[{"embeddable":true,"href":"https:\/\/shareyourskill.fr\/index.php?rest_route=%2Fwp%2Fv2%2Fcomments&post=6"}],"version-history":[{"count":17,"href":"https:\/\/shareyourskill.fr\/index.php?rest_route=\/wp\/v2\/pages\/6\/revisions"}],"predecessor-version":[{"id":386,"href":"https:\/\/shareyourskill.fr\/index.php?rest_route=\/wp\/v2\/pages\/6\/revisions\/386"}],"wp:featuredmedia":[{"embeddable":true,"href":"https:\/\/shareyourskill.fr\/index.php?rest_route=\/wp\/v2\/media\/55"}],"wp:attachment":[{"href":"https:\/\/shareyourskill.fr\/index.php?rest_route=%2Fwp%2Fv2%2Fmedia&parent=6"}],"curies":[{"name":"wp","href":"https:\/\/api.w.org\/{rel}","templated":true}]}}